{"id":71,"date":"2021-04-28T16:22:06","date_gmt":"2021-04-28T14:22:06","guid":{"rendered":"https:\/\/pechdespossibles.fr\/?page_id=71"},"modified":"2021-06-28T17:20:54","modified_gmt":"2021-06-28T15:20:54","slug":"parcelle-1-lorna-et-joseph-dugast","status":"publish","type":"page","link":"https:\/\/pechdespossibles.fr\/?page_id=71","title":{"rendered":"Parcelle # 1 \u2013 Lorna et Joseph DUGAST"},"content":{"rendered":"\n<h4 class=\"has-text-align-left wp-block-heading\"><strong>ALMATIERRA&nbsp;: une OASIS de PERMACULTURE&nbsp;<\/strong><\/h4>\n\n\n\n<h4 class=\"has-text-align-left wp-block-heading\"><strong>Lieu de Vie, de Rencontres et d\u2019Echanges<\/strong><\/h4>\n\n\n\n<p>De retour du Costa Rica fin 2019, o\u00f9 nous avions une ferme en Permaculture, nous projetions de r\u00e9aliser un tour de l\u2019Europe en camping-car pendant 3 ans puis de rechercher ensuite la r\u00e9gion dans le Sud-Ouest de la France o\u00f9 nous souhaitions nous installer.<\/p>\n\n\n\n<p>Pendant le premier confinement en mars 2020, nous avons d\u00e9cid\u00e9 d\u2019inverser les projets et nous nous sommes lanc\u00e9s dans la recherche des d\u00e9partements o\u00f9 nous souhaitions prospecter en fonction d\u2019un certain nombre de crit\u00e8res dont l\u2019\u00e9loignement avec les centrales nucl\u00e9aires. Apr\u00e8s les Pyr\u00e9n\u00e9es Orientales nous nous sommes tourn\u00e9s vers l\u2019Aude.<\/p>\n\n\n\n<p>En Avril 2020 nous avons d\u00e9couvert, gr\u00e2ce au site les Colibris, le projet du \u00ab&nbsp;Pech des Possibles&nbsp;\u00bb. D\u00e8s la premi\u00e8re visite, nous sommes tomb\u00e9s amoureux de cette vue imprenable et admiratifs du dynamisme et de l\u2019engagement du village et de la Mairie. Un an apr\u00e8s, cela s\u2019est concr\u00e9tis\u00e9 par l\u2019acquisition du Lot N\u00b01 sur lequel nous souhaitons d\u00e9velopper une Oasis de Permaculture la plus autonome possible en Eau, Nourriture, Electricit\u00e9 et Chauffage.<\/p>\n\n\n\n<p>Nous vous invitons \u00e0 d\u00e9couvrir plus en profondeur leur projet en cliquant <a href=\"https:\/\/pechdespossibles.fr\/wp-content\/uploads\/2021\/06\/Almatierra-Une-Oasis-de-Permaculture-a-Luc-sur-Aude-Version-3-07.06.21.pdf\">ici<\/a> et \u00e0 les suivre sur <a href=\"https:\/\/www.facebook.com\/Almatierra-105729435096788\">leur page Facebook d&rsquo;Almatierra. <\/a><\/p>\n\n\n\n<figure class=\"wp-block-gallery aligncenter columns-1 is-cropped wp-block-gallery-1 is-layout-flex wp-block-gallery-is-layout-flex\"><ul class=\"blocks-gallery-grid\"><li class=\"blocks-gallery-item\"><figure><img fetchpriority=\"high\" decoding=\"async\" width=\"1024\" height=\"476\" src=\"https:\/\/pechdespossibles.fr\/wp-content\/uploads\/2021\/06\/PC-DUGAST-Page-10-Notre-future-maison-13.06.21-1-1024x476.jpg\" alt=\"\" data-id=\"467\" data-full-url=\"https:\/\/pechdespossibles.fr\/wp-content\/uploads\/2021\/06\/PC-DUGAST-Page-10-Notre-future-maison-13.06.21-1.jpg\" data-link=\"https:\/\/pechdespossibles.fr\/?attachment_id=467\" class=\"wp-image-467\" srcset=\"https:\/\/pechdespossibles.fr\/wp-content\/uploads\/2021\/06\/PC-DUGAST-Page-10-Notre-future-maison-13.06.21-1-1024x476.jpg 1024w, https:\/\/pechdespossibles.fr\/wp-content\/uploads\/2021\/06\/PC-DUGAST-Page-10-Notre-future-maison-13.06.21-1-300x139.jpg 300w, https:\/\/pechdespossibles.fr\/wp-content\/uploads\/2021\/06\/PC-DUGAST-Page-10-Notre-future-maison-13.06.21-1-768x357.jpg 768w, https:\/\/pechdespossibles.fr\/wp-content\/uploads\/2021\/06\/PC-DUGAST-Page-10-Notre-future-maison-13.06.21-1-1536x713.jpg 1536w, https:\/\/pechdespossibles.fr\/wp-content\/uploads\/2021\/06\/PC-DUGAST-Page-10-Notre-future-maison-13.06.21-1-2048x951.jpg 2048w\" sizes=\"(max-width: 1024px) 100vw, 1024px\" \/><\/figure><\/li><\/ul><\/figure>\n","protected":false},"excerpt":{"rendered":"<p>ALMATIERRA&nbsp;: une OASIS de PERMACULTURE&nbsp; Lieu de Vie, de Rencontres et d\u2019Echanges De retour du Costa Rica fin 2019, o\u00f9 nous avions une ferme en Permaculture, nous projetions de r\u00e9aliser un tour de l\u2019Europe en camping-car pendant 3 ans puis de rechercher ensuite la r\u00e9gion dans le Sud-Ouest de la France o\u00f9 nous souhaitions nous installer. Pendant le premier confinement [&hellip;]<\/p>\n","protected":false},"author":2,"featured_media":0,"parent":0,"menu_order":0,"comment_status":"closed","ping_status":"closed","template":"","meta":{"footnotes":""},"class_list":["post-71","page","type-page","status-publish","hentry"],"_links":{"self":[{"href":"https:\/\/pechdespossibles.fr\/index.php?rest_route=\/wp\/v2\/pages\/71","targetHints":{"allow":["GET"]}}],"collection":[{"href":"https:\/\/pechdespossibles.fr\/index.php?rest_route=\/wp\/v2\/pages"}],"about":[{"href":"https:\/\/pechdespossibles.fr\/index.php?rest_route=\/wp\/v2\/types\/page"}],"author":[{"embeddable":true,"href":"https:\/\/pechdespossibles.fr\/index.php?rest_route=\/wp\/v2\/users\/2"}],"replies":[{"embeddable":true,"href":"https:\/\/pechdespossibles.fr\/index.php?rest_route=%2Fwp%2Fv2%2Fcomments&post=71"}],"version-history":[{"count":13,"href":"https:\/\/pechdespossibles.fr\/index.php?rest_route=\/wp\/v2\/pages\/71\/revisions"}],"predecessor-version":[{"id":498,"href":"https:\/\/pechdespossibles.fr\/index.php?rest_route=\/wp\/v2\/pages\/71\/revisions\/498"}],"wp:attachment":[{"href":"https:\/\/pechdespossibles.fr\/index.php?rest_route=%2Fwp%2Fv2%2Fmedia&parent=71"}],"curies":[{"name":"wp","href":"https:\/\/api.w.org\/{rel}","templated":true}]}}