{"id":78,"date":"2021-04-28T16:22:06","date_gmt":"2021-04-28T14:22:06","guid":{"rendered":"https:\/\/pechdespossibles.fr\/?page_id=78"},"modified":"2021-11-22T11:38:37","modified_gmt":"2021-11-22T10:38:37","slug":"parcelle-12-bernadette-et-dominique-dargere","status":"publish","type":"page","link":"https:\/\/pechdespossibles.fr\/?page_id=78","title":{"rendered":"Parcelle # 12 &#8211; Bernadette et Dominique DARGERE"},"content":{"rendered":"\n<div class=\"wp-block-columns alignwide is-layout-flex wp-container-core-columns-is-layout-9d6595d7 wp-block-columns-is-layout-flex\">\n<div class=\"wp-block-column is-layout-flow wp-block-column-is-layout-flow\" style=\"flex-basis:50%\">\n<figure class=\"wp-block-image\"><img fetchpriority=\"high\" decoding=\"async\" width=\"682\" height=\"1024\" src=\"https:\/\/pechdespossibles.fr\/wp-content\/uploads\/2021\/11\/Bernadelle-et-Dominique-682x1024.jpg\" alt=\"\" class=\"wp-image-536\" srcset=\"https:\/\/pechdespossibles.fr\/wp-content\/uploads\/2021\/11\/Bernadelle-et-Dominique-682x1024.jpg 682w, https:\/\/pechdespossibles.fr\/wp-content\/uploads\/2021\/11\/Bernadelle-et-Dominique-200x300.jpg 200w, https:\/\/pechdespossibles.fr\/wp-content\/uploads\/2021\/11\/Bernadelle-et-Dominique-768x1152.jpg 768w, https:\/\/pechdespossibles.fr\/wp-content\/uploads\/2021\/11\/Bernadelle-et-Dominique.jpg 853w\" sizes=\"(max-width: 682px) 100vw, 682px\" \/><\/figure>\n<\/div>\n\n\n\n<div class=\"wp-block-column is-layout-flow wp-block-column-is-layout-flow\" style=\"flex-basis:50%\">\n<p style=\"font-size:14px\"> Nous habitons dans le Quercy blanc depuis 1981 et y exer\u00e7ons la profession de naturopathe sur notre lieu de vie en accueillant des groupes depuis 1982, pour des Remises en forme au travers d\u2019un enseignement et le partage d\u2019un v\u00e9cu de notre quotidien.<br>Nous avons l\u2019habitude du collectif, de l\u2019\u00e9coute, de l\u2019attention port\u00e9e \u00e0 l\u2019autre et nous nous r\u00e9jouissons de nous int\u00e9grer \u00e0 ce projet, prolongement de notre d\u00e9marche actuelle.<br><br>Dominique : \u00ab\u00a0<em>j&rsquo;ai eu des parents ouverts \u00e0 des approches naturelles de sant\u00e9, qui m\u2019ont amen\u00e9 \u00e0 suivre la formation en naturopathie d\u00e8s 1975, depuis, de multiples formations l\u2019ont compl\u00e9t\u00e9e au fil du temps. Ayant \u00e9t\u00e9 musicien tr\u00e8s jeune, durant mes \u00e9tudes je suis devenu professeur de guitare dans une \u00e9cole de musique ainsi que professeur de Yoga dans un centre socio-\u00e9ducatif et cours priv\u00e9s. \u00bb<\/em><br><br>Bernadette : \u00ab\u00a0<em>j\u2019ai enseign\u00e9 le secr\u00e9tariat et la comptabilit\u00e9 dans mes 1\u00e8res ann\u00e9es d\u2019activit\u00e9 en lyc\u00e9es et CNED et quelques ann\u00e9es plus tard, j&rsquo;ai int\u00e9gr\u00e9 notre projet de vie dans le Lot, en cr\u00e9ant conjointement notre Centre d\u2019accueil. J\u2019ai suivi \u00e9galement le cursus de naturopathie et d\u2019autres enseignements compl\u00e9mentaires. Mes formations initiales m\u2019ont permis de g\u00e9rer notre activit\u00e9 jusqu\u2019\u00e0 maintenant. Je suis passionn\u00e9e par les rapports humains, la nature et sa biodiversit\u00e9, l\u2019artisanat et le travail manuel, modelage, jardinage\u2026\u00a0 \u00bb<br><br><\/em>Nous avons connaissance de ce projet depuis longtemps par notre fils, adjoint \u00e0 Luc-sur-Aude.<br>Nous avons investi sur le parc citoyen 123 soleil il y a quelques ann\u00e9es.<br>La fin de notre activit\u00e9 professionnelle approchant, m\u00eame si nous nous plaisons \u00e9norm\u00e9ment dans le Lot, conscients de l\u2019entretien important de notre propri\u00e9t\u00e9, nous envisageons \u00e0 terme de nous rapprocher de nos enfants et petits-enfants aupr\u00e8s desquels nous pourrions \u00eatre plus pr\u00e9sents.<br>Le projet d\u2019habitat participatif de Luc tel qu\u2019il est pr\u00e9sent\u00e9, nous enthousiasme quant aux valeurs qu\u2019il porte, et nous serions enchant\u00e9s d&rsquo;int\u00e9grer ce projet \u00e9cologique et solidaire, dans une dimension interg\u00e9n\u00e9rationnelle, et le respect de chacun.<br><br>Dernier clin d\u2019\u0153il, nous habitons un lieu-dit qui se nomme Le Pech, nous le quitterions pour un autre Pech (celui des possibles) avec la montagne en contemplation.<br>Le dynamisme et l&rsquo;implication de vous tous est particuli\u00e8rement motivant pour nous et nous aideront \u00e0 nous investir dans un autre Pech. <\/p>\n<\/div>\n<\/div>\n\n\n\n<p><\/p>\n","protected":false},"excerpt":{"rendered":"<p>Nous habitons dans le Quercy blanc depuis 1981 et y exer\u00e7ons la profession de naturopathe sur notre lieu de vie en accueillant des groupes depuis 1982, pour des Remises en forme au travers d\u2019un enseignement et le partage d\u2019un v\u00e9cu de notre quotidien.Nous avons l\u2019habitude du collectif, de l\u2019\u00e9coute, de l\u2019attention port\u00e9e \u00e0 l\u2019autre et nous nous r\u00e9jouissons de nous [&hellip;]<\/p>\n","protected":false},"author":2,"featured_media":0,"parent":0,"menu_order":0,"comment_status":"closed","ping_status":"closed","template":"","meta":{"footnotes":""},"class_list":["post-78","page","type-page","status-publish","hentry"],"_links":{"self":[{"href":"https:\/\/pechdespossibles.fr\/index.php?rest_route=\/wp\/v2\/pages\/78","targetHints":{"allow":["GET"]}}],"collection":[{"href":"https:\/\/pechdespossibles.fr\/index.php?rest_route=\/wp\/v2\/pages"}],"about":[{"href":"https:\/\/pechdespossibles.fr\/index.php?rest_route=\/wp\/v2\/types\/page"}],"author":[{"embeddable":true,"href":"https:\/\/pechdespossibles.fr\/index.php?rest_route=\/wp\/v2\/users\/2"}],"replies":[{"embeddable":true,"href":"https:\/\/pechdespossibles.fr\/index.php?rest_route=%2Fwp%2Fv2%2Fcomments&post=78"}],"version-history":[{"count":6,"href":"https:\/\/pechdespossibles.fr\/index.php?rest_route=\/wp\/v2\/pages\/78\/revisions"}],"predecessor-version":[{"id":539,"href":"https:\/\/pechdespossibles.fr\/index.php?rest_route=\/wp\/v2\/pages\/78\/revisions\/539"}],"wp:attachment":[{"href":"https:\/\/pechdespossibles.fr\/index.php?rest_route=%2Fwp%2Fv2%2Fmedia&parent=78"}],"curies":[{"name":"wp","href":"https:\/\/api.w.org\/{rel}","templated":true}]}}

<div class="wp-block-columns alignwide is-layout-flex wp-container-core-columns-is-layout-9d6595d7 wp-block-columns-is-layout-flex">
<div class="wp-block-column is-layout-flow wp-block-column-is-layout-flow" style="flex-basis:50%">
<figure class="wp-block-image"><img fetchpriority="high" decoding="async" width="682" height="1024" src="https://pechdespossibles.fr/wp-content/uploads/2021/11/Bernadelle-et-Dominique-682x1024.jpg" alt="" class="wp-image-536" srcset="https://pechdespossibles.fr/wp-content/uploads/2021/11/Bernadelle-et-Dominique-682x1024.jpg 682w, https://pechdespossibles.fr/wp-content/uploads/2021/11/Bernadelle-et-Dominique-200x300.jpg 200w, https://pechdespossibles.fr/wp-content/uploads/2021/11/Bernadelle-et-Dominique-768x1152.jpg 768w, https://pechdespossibles.fr/wp-content/uploads/2021/11/Bernadelle-et-Dominique.jpg 853w" sizes="(max-width: 682px) 100vw, 682px" /></figure>
</div>



<div class="wp-block-column is-layout-flow wp-block-column-is-layout-flow" style="flex-basis:50%">
<p style="font-size:14px"> Nous habitons dans le Quercy blanc depuis 1981 et y exerçons la profession de naturopathe sur notre lieu de vie en accueillant des groupes depuis 1982, pour des Remises en forme au travers d’un enseignement et le partage d’un vécu de notre quotidien.<br>Nous avons l’habitude du collectif, de l’écoute, de l’attention portée à l’autre et nous nous réjouissons de nous intégrer à ce projet, prolongement de notre démarche actuelle.<br><br>Dominique : « <em>j&rsquo;ai eu des parents ouverts à des approches naturelles de santé, qui m’ont amené à suivre la formation en naturopathie dès 1975, depuis, de multiples formations l’ont complétée au fil du temps. Ayant été musicien très jeune, durant mes études je suis devenu professeur de guitare dans une école de musique ainsi que professeur de Yoga dans un centre socio-éducatif et cours privés. »</em><br><br>Bernadette : « <em>j’ai enseigné le secrétariat et la comptabilité dans mes 1ères années d’activité en lycées et CNED et quelques années plus tard, j&rsquo;ai intégré notre projet de vie dans le Lot, en créant conjointement notre Centre d’accueil. J’ai suivi également le cursus de naturopathie et d’autres enseignements complémentaires. Mes formations initiales m’ont permis de gérer notre activité jusqu’à maintenant. Je suis passionnée par les rapports humains, la nature et sa biodiversité, l’artisanat et le travail manuel, modelage, jardinage…  »<br><br></em>Nous avons connaissance de ce projet depuis longtemps par notre fils, adjoint à Luc-sur-Aude.<br>Nous avons investi sur le parc citoyen 123 soleil il y a quelques années.<br>La fin de notre activité professionnelle approchant, même si nous nous plaisons énormément dans le Lot, conscients de l’entretien important de notre propriété, nous envisageons à terme de nous rapprocher de nos enfants et petits-enfants auprès desquels nous pourrions être plus présents.<br>Le projet d’habitat participatif de Luc tel qu’il est présenté, nous enthousiasme quant aux valeurs qu’il porte, et nous serions enchantés d&rsquo;intégrer ce projet écologique et solidaire, dans une dimension intergénérationnelle, et le respect de chacun.<br><br>Dernier clin d’œil, nous habitons un lieu-dit qui se nomme Le Pech, nous le quitterions pour un autre Pech (celui des possibles) avec la montagne en contemplation.<br>Le dynamisme et l&rsquo;implication de vous tous est particulièrement motivant pour nous et nous aideront à nous investir dans un autre Pech. </p>
</div>
</div>



<p></p>

<p>Nous habitons dans le Quercy blanc depuis 1981 et y exerçons la profession de naturopathe sur notre lieu de vie en accueillant des groupes depuis 1982, pour des Remises en forme au travers d’un enseignement et le partage d’un vécu de notre quotidien.Nous avons l’habitude du collectif, de l’écoute, de l’attention portée à l’autre et nous nous réjouissons de nous [&hellip;]</p>
